{"id":3194,"date":"2023-10-10T07:51:39","date_gmt":"2023-10-10T10:51:39","guid":{"rendered":"https:\/\/rcsites.com.br\/formato\/?page_id=3194"},"modified":"2023-10-16T10:21:33","modified_gmt":"2023-10-16T13:21:33","slug":"politicas-de-privacidade","status":"publish","type":"page","link":"https:\/\/rcsites.com.br\/formato\/politicas-de-privacidade\/","title":{"rendered":"Pol\u00edticas de Privacidade"},"content":{"rendered":"\t\t<div data-elementor-type=\"wp-page\" data-elementor-id=\"3194\" class=\"elementor elementor-3194\" data-elementor-post-type=\"page\">\n\t\t\t\t<div class=\"elementor-element elementor-element-3cda2b6 e-flex e-con-boxed e-con e-parent\" data-id=\"3cda2b6\" data-element_type=\"container\" data-e-type=\"container\" data-settings=\"{&quot;background_background&quot;:&quot;classic&quot;}\">\n\t\t\t\t\t<div class=\"e-con-inner\">\n\t\t<div class=\"elementor-element elementor-element-a01c19a e-flex e-con-boxed e-con e-child\" data-id=\"a01c19a\" data-element_type=\"container\" data-e-type=\"container\" data-settings=\"{&quot;background_background&quot;:&quot;classic&quot;}\">\n\t\t\t\t\t<div class=\"e-con-inner\">\n\t\t\t\t<div class=\"elementor-element elementor-element-a26bdcd elementor-widget elementor-widget-heading\" data-id=\"a26bdcd\" data-element_type=\"widget\" data-e-type=\"widget\" data-widget_type=\"heading.default\">\n\t\t\t\t<div class=\"elementor-widget-container\">\n\t\t\t\t\t<h2 class=\"elementor-heading-title elementor-size-default\">POL\u00cdTICAS DE PRIVACIDADE<\/h2>\t\t\t\t<\/div>\n\t\t\t\t<\/div>\n\t\t\t\t<div class=\"elementor-element elementor-element-18c018f elementor-widget elementor-widget-heading\" data-id=\"18c018f\" data-element_type=\"widget\" data-e-type=\"widget\" data-widget_type=\"heading.default\">\n\t\t\t\t<div class=\"elementor-widget-container\">\n\t\t\t\t\t<h2 class=\"elementor-heading-title elementor-size-default\">\u00daltima atualiza\u00e7\u00e3o em 10\/10\/2023<\/h2>\t\t\t\t<\/div>\n\t\t\t\t<\/div>\n\t\t\t\t<div class=\"elementor-element elementor-element-f3b8819 elementor-widget elementor-widget-text-editor\" data-id=\"f3b8819\" data-element_type=\"widget\" data-e-type=\"widget\" data-widget_type=\"text-editor.default\">\n\t\t\t\t<div class=\"elementor-widget-container\">\n\t\t\t\t\t\t\t\t\t<p>I \u2013 Informa\u00e7\u00f5es Gerais<\/p><p>A Formato Ideias est\u00e1 em conformidade com a Lei Geral de Prote\u00e7\u00e3o de Dados (Lei n\u00ba 13.709\/2018), e \u00e9 nossa pol\u00edtica respeitar a sua privacidade em rela\u00e7\u00e3o a qualquer informa\u00e7\u00e3o sua que possamos coletar atrav\u00e9s do nosso site.<\/p><p>A Formato Ideias atrav\u00e9s do seu website, https:\/\/rcsites.com.br\/formato, mant\u00e9m o compromisso de proteger dados e informa\u00e7\u00f5es confidenciais de usu\u00e1rios que o acessam.<\/p><p>Utilizamo-nos do recolhimento de dados pessoais nos nossos formul\u00e1rio de contato, apenas para fins de presta\u00e7\u00e3o dos servi\u00e7os.\u00a0 A Formato Ideias compromete-se a n\u00e3o ceder a terceiros dados pessoais dos usu\u00e1rios coletados atrav\u00e9s dos nossos formul\u00e1rios, exceto,\u00a0 quando exigido por lei \u00e0s autoridade judici\u00e1rias competentes.<\/p><p>A Formato Ideias colhe informa\u00e7\u00f5es dos visitantes do site atrav\u00e9s de cookies, e outras tecnologias semelhantes para melhorar a sua experi\u00eancia em nossos servi\u00e7os, personalizar futuras campanhas publicit\u00e1rias e recomendar conte\u00fado de seu interesse. O objetivo exclusivo de utilizar esses recursos \u00e9 entender melhor o interesse dos nossos usu\u00e1rios pelos nossos servi\u00e7os e melhorar a comunica\u00e7\u00e3o. Ao utilizar nossos servi\u00e7os, voc\u00ea concorda com tal monitoramento.<\/p><p>O site da Formato Ideias utiliza a tecnologia de certificado SSL, onde a transmiss\u00e3o de dados \u00e9 feita atrav\u00e9s de protocolo HTTPS. Toda informa\u00e7\u00e3o trocada entre o seu navegador e os servidores onde est\u00e1 hospedado o site \u00e9 realizada de forma criptografada e segura.<\/p><p>Os direitos autorais das imagens de terceiros, presentes no site, foram repassados \u00e0 Fotografare atrav\u00e9s de contrato de presta\u00e7\u00e3o de servi\u00e7os de ensaio fotogr\u00e1fico; e sua veicula\u00e7\u00e3o para fins de publicidade foi previamente autorizada. A c\u00f3pia, reprodu\u00e7\u00e3o, e compartilhamento destas imagens sem autoriza\u00e7\u00e3o pr\u00e9via dA Formato Ideias configura crime previsto em lei.<\/p><p>II &#8211; O que s\u00e3o Cookies<\/p><p>Cookies s\u00e3o pequenos arquivos de texto enviados e armazenados no seu navegador web. Esses arquivos servem para reconhecer, acompanhar e armazenar sua navega\u00e7\u00e3o.<\/p><p>III &#8211; Qual a utilidade dos cookies<\/p><p>Os cookies s\u00e3o utilizados para observar padr\u00f5es de navega\u00e7\u00e3o, mapeando quais \u00e1reas do site voc\u00ea visitou, identificando-o como um usu\u00e1rio \u00fanico. Usamos essa informa\u00e7\u00e3o para verificar a sua rotina de navega\u00e7\u00e3o, oferecer conte\u00fado, publicidade e\/ou servi\u00e7os cada vez mais personalizados, facilitar e agilizar o preenchimento de formul\u00e1rios, mensurar intera\u00e7\u00f5es e audi\u00eancia dos Servi\u00e7os.<\/p><p>IV &#8211; Quais dados os cookies capturam<\/p><ul><li>Informa\u00e7\u00f5es sobre o tipo e vers\u00e3o do navegador usado<\/li><li>O sistema operacional do usu\u00e1rio<\/li><li>O provedor de servi\u00e7os de Internet do usu\u00e1rio<\/li><li>O endere\u00e7o IP do usu\u00e1rio<\/li><li>Data e hora do acesso<\/li><li>Sites nos quais o sistema do usu\u00e1rio chega ao nosso site<\/li><li>Sites acessados pelo sistema do usu\u00e1rio atrav\u00e9s do nosso site<\/li><\/ul><p>\u00a0<\/p><p>V &#8211; Utiliza\u00e7\u00e3o de cookies de terceiros<\/p><p>Prestadores de servi\u00e7os de tecnologia poder\u00e3o utilizar seus pr\u00f3prios cookies no site, com a nossa autoriza\u00e7\u00e3o, para presta\u00e7\u00e3o de servi\u00e7os de publicidade e marketing \u00e0 Fotografare. Tais cookies coletar\u00e3o os seus dados de navega\u00e7\u00e3o dentro do nosso site para as finalidades previstas nesta pol\u00edtica.<\/p><p>VI &#8211; Como alterar ou bloquear cookies<\/p><p>A maioria dos navegadores \u00e9 configurada para aceitar automaticamente os cookies. Voc\u00ea pode, contudo, alterar as configura\u00e7\u00f5es para bloquear cookies ou alert\u00e1-lo quando um cookie estiver sendo enviado ao seu dispositivo. Existem v\u00e1rias formas de gerenciar cookies, sendo poss\u00edvel criar um bloqueio geral para cookies, bloquear cookies de um site espec\u00edfico e at\u00e9 mesmo bloquear cookies de terceiros em rela\u00e7\u00e3o a um site. Bloquear todos os cookies vai afetar o funcionamento da sua experi\u00eancia, pois n\u00e3o ser\u00e1 poss\u00edvel identificar suas prefer\u00eancias e recomendar conte\u00fado e publicidade relevantes.<\/p><p>Consulte as instru\u00e7\u00f5es do seu navegador para saber mais sobre como ajustar ou alterar suas configura\u00e7\u00f5es, lembrando que a configura\u00e7\u00e3o desejada deve ser replicada em todos os dispositivos utilizados para acessar o site (como computadores, smartphones, tablets).<\/p><p>VII &#8211; Google Analytics<\/p><p>O Google Analytics \u00e9 uma ferramenta que monitora o tr\u00e1fego, e seu objetivo principal mensurar e entender o\u00a0comportamento\u00a0dos usu\u00e1rios ao navegarem pelas p\u00e1ginas do site. Esse comportamento \u00e9 demonstrado atrav\u00e9s de relat\u00f3rios, que exibem detalhadamente o real interesse dos usu\u00e1rios durante os acessos e navega\u00e7\u00e3o<\/p><p>VIII \u2013 Disposi\u00e7\u00f5es Finais<\/p><p>A Formato Ideias reserva-se ao direito de, a qualquer momento, alterar ou reajustar esta Pol\u00edtica de Privacidade, sendo essas altera\u00e7\u00f5es devidamente publicadas em nosso website.<\/p><p>Caso tenha alguma d\u00favida ou quest\u00e3o sobre a Pol\u00edtica de privacidade, ou sobre a forma como A Formato Ideias recolhe e trata os seus dados pessoais poder\u00e1 entrar em contato conosco atrav\u00e9s do email falecombruce@rcsites.com.br.<\/p>\t\t\t\t\t\t\t\t<\/div>\n\t\t\t\t<\/div>\n\t\t\t\t\t<\/div>\n\t\t\t\t<\/div>\n\t\t\t\t\t<\/div>\n\t\t\t\t<\/div>\n\t\t\t\t<\/div>\n\t\t","protected":false},"excerpt":{"rendered":"<p>POL\u00cdTICAS DE PRIVACIDADE \u00daltima atualiza\u00e7\u00e3o em 10\/10\/2023 I \u2013 Informa\u00e7\u00f5es Gerais A Formato Ideias est\u00e1 em conformidade com a Lei Geral de Prote\u00e7\u00e3o de Dados (Lei n\u00ba 13.709\/2018), e \u00e9 nossa pol\u00edtica respeitar a sua privacidade em rela\u00e7\u00e3o a qualquer informa\u00e7\u00e3o sua que possamos coletar atrav\u00e9s do nosso site. A Formato Ideias atrav\u00e9s do seu [&hellip;]<\/p>\n","protected":false},"author":1,"featured_media":0,"parent":0,"menu_order":0,"comment_status":"closed","ping_status":"closed","template":"elementor_header_footer","meta":{"footnotes":""},"class_list":["post-3194","page","type-page","status-publish","hentry"],"_links":{"self":[{"href":"https:\/\/rcsites.com.br\/formato\/wp-json\/wp\/v2\/pages\/3194","targetHints":{"allow":["GET"]}}],"collection":[{"href":"https:\/\/rcsites.com.br\/formato\/wp-json\/wp\/v2\/pages"}],"about":[{"href":"https:\/\/rcsites.com.br\/formato\/wp-json\/wp\/v2\/types\/page"}],"author":[{"embeddable":true,"href":"https:\/\/rcsites.com.br\/formato\/wp-json\/wp\/v2\/users\/1"}],"replies":[{"embeddable":true,"href":"https:\/\/rcsites.com.br\/formato\/wp-json\/wp\/v2\/comments?post=3194"}],"version-history":[{"count":35,"href":"https:\/\/rcsites.com.br\/formato\/wp-json\/wp\/v2\/pages\/3194\/revisions"}],"predecessor-version":[{"id":4340,"href":"https:\/\/rcsites.com.br\/formato\/wp-json\/wp\/v2\/pages\/3194\/revisions\/4340"}],"wp:attachment":[{"href":"https:\/\/rcsites.com.br\/formato\/wp-json\/wp\/v2\/media?parent=3194"}],"curies":[{"name":"wp","href":"https:\/\/api.w.org\/{rel}","templated":true}]}}